{"id":6,"date":"2019-09-12T12:40:18","date_gmt":"2019-09-12T12:40:18","guid":{"rendered":"https:\/\/latelierdumeublejr.com\/restauration\/one-page-express-pro\/"},"modified":"2024-09-10T14:04:02","modified_gmt":"2024-09-10T18:04:02","slug":"one-page-express-pro","status":"publish","type":"page","link":"https:\/\/latelierdumeublejr.com\/restauration\/","title":{"rendered":"Accueil"},"content":{"rendered":"<div  data-label=\"Services\" data-id=\"stripped-features-overlapped-icons-section\" data-category=\"overlapable\" class=\"features-overlapped-icons-section stripped-features-overlapped-icons-section content-relative\" data-overlap=\"true\" id=\"services\" style=\"background-color: rgb(255, 255, 255); background-image: none;\" data-ovid=\"ovid-overlapable-4-9895\"> <div  class=\"gridContainer\"> <div  class=\"features-overlapped-icons-featuresrow flexbox-list\" data-type=\"row\"> <div  class=\"features-large-icons-featcol cp3cols cp6cols-tablet color1\"> <div  class=\"features-overlapped-icons-featinnerrow\"> <div  class=\"features-icon-container\"><i  data-cp-fa=\"true\" class=\"font-icon-features-icon-container fa fa-arrow-circle-down color7\" data-ms-editor=\"true\"><\/i> <\/div>\t<div  data-type=\"column\" class=\"\"> <h4  class=\"\" data-ms-editor=\"true\">R\u00e9paration de meubles\n<\/h4>  <a class=\"button color1\" href=\"#reparation\" target=\"_self\" data-icon=\"\" rel=\"noopener\">voir plus<\/a><\/div><\/div> <\/div> <div  class=\"features-large-icons-featcol cp3cols cp6cols-tablet color2\"> <div  class=\"features-overlapped-icons-featinnerrow\"> <div  class=\"features-icon-container\"><i  data-cp-fa=\"true\" class=\"font-icon-features-icon-container fa fa-arrow-circle-down color6\" data-ms-editor=\"true\"><\/i> <\/div>\t<div  data-type=\"column\" class=\"\"> <h4  class=\"\" data-ms-editor=\"true\">Refacing\n<\/h4>  <a class=\"button color1\" href=\"#refacing\" target=\"_self\" data-icon=\"\" rel=\"noopener\">voir plus<\/a><\/div><\/div> <\/div> <div  class=\"features-large-icons-featcol cp3cols cp6cols-tablet color3\"> <div  class=\"features-overlapped-icons-featinnerrow\"> <div  class=\"features-icon-container\"><i  data-cp-fa=\"true\" class=\"font-icon-features-icon-container fa fa-arrow-circle-down color7\" data-ms-editor=\"true\"><\/i> <\/div>\t<div  data-type=\"column\" class=\"\"> <h4  class=\"\" data-ms-editor=\"true\">Retouche de meubles\n<\/h4>  <a class=\"button color1\" href=\"#restauration\" target=\"_self\" data-icon=\"\" rel=\"noopener\">voir plus<\/a><\/div><\/div> <\/div> <div  class=\"features-large-icons-featcol cp3cols cp6cols-tablet color4\"> <div  class=\"features-overlapped-icons-featinnerrow\"> <div  class=\"features-icon-container\"><i  data-cp-fa=\"true\" class=\"font-icon-features-icon-container fa fa-arrow-circle-down color7\" data-ms-editor=\"true\"><\/i> <\/div>\t<div  data-type=\"column\" class=\"\"> <h4  class=\"\" data-ms-editor=\"true\">Rafra\u00eechissement de meubles<\/h4>  <a class=\"button color1\" href=\"#rafraichissement-de-meuble\" target=\"_self\" data-icon=\"\" rel=\"noopener\">voir plus<\/a><\/div><\/div> <\/div> <\/div> <\/div><\/div><p  style=\"color: red;\" data-ms-editor=\"true\"><\/p><div  id=\"apropos\" class=\"content-full-left-image-section content-relative\" style=\"background-color: #f6f6f6; background-image: none;\" data-label=\"apropos\" data-id=\"content-full-left-image-section\" data-category=\"content\" data-ovid=\"ovid-apropos-500\">\n<div  class=\"section-separator-top\"><\/div>\n<div  class=\"content-full-left-image-innerrow\">\n<div  class=\"content-full-left-image-imgcol\" style=\"background-image: url('https:\/\/latelierdumeublejr.com\/restauration\/wp-content\/uploads\/2019\/09\/preparation2.jpg');\" data-bg=\"image\"><\/div>\n<div  class=\"content-full-left-image-textcol dynamic-color\">\n<div  class=\"\" data-type=\"column\">\n<h5  class=\"\" data-ms-editor=\"true\">Vous aimez votre cuisine?<\/h5>\n<h2  class=\"\" data-ms-editor=\"true\">Solution facile, \u00e0 moindre co\u00fbt<\/h2>\n<p  class=\"\" data-ms-editor=\"true\">Vous poss\u00e9dez des armoires de qualit\u00e9? Mais avec les ann\u00e9es, elles sont devenues difficiles \u00e0 nettoyer, le vernis est collant, la teinte ne vous convient plus.<\/p>\n<span  class=\"\" style=\"font-weight: 600; color: #778e5b;\" data-ms-editor=\"true\">Raymond Paquette,<\/span> sp\u00e9cialiste en finition de meubles et d\u2019armoires <span  class=\"\" style=\"font-weight: 600; color: #778e5b;\" data-ms-editor=\"true\">depuis 35 ans<\/span>, vous propose une solution facile, \u00e0 moindre co\u00fbt.\n\nQue ce soit en changeant vos portes tout en conservant vos caissons ou en effectuant une restauration compl\u00e8te, d\u00e9capage, finition, le r\u00e9sultat est toujours impressionnant.\n\nLes produits que nous utilisons sont de premi\u00e8re qualit\u00e9, en plus d\u2019\u00eatre appliqu\u00e9s avec grande exp\u00e9rience, dans le respect de votre int\u00e9rieur.\n\n<span  class=\"\" style=\"color: #778e5b;\" data-ms-editor=\"true\"><span  style=\"color: #333333;\">Ce qui vous donne une<\/span><span  style=\"font-weight: 600;\">&nbsp;<\/span><span  style=\"font-weight: 600;\">cuisine de R\u00eave<\/span><\/span> et <span  class=\"\" style=\"color: #778e5b; font-weight: 600;\" data-ms-editor=\"true\">augmente la valeur de votre maison.<\/span>\n<p  class=\"\" data-ms-editor=\"true\">Voici ce que vous offre <span  style=\"font-weight: 600; color: #778e5b;\">L\u2019Atelier du Meuble J.R.\n<\/span>\n<span  style=\"font-style: italic; font-weight: 500; color: #778e5b;\">par Raymond Paquette<\/span><\/p>\n<p  class=\"\" data-ms-editor=\"true\"><span  style=\"font-weight: bold;\">Nous desservons la Rive-Sud de Montr\u00e9al (Mont\u00e9r\u00e9gie)<\/span>\nles villes suivantes : LaPrairie, Brossard, Longueuil, Boucherville, Ch\u00e2teauguay, Sainte-Catherine, Candiac, Saint-Constant, Delson, Saint-Jean-sur-Richelieu ect\u2026.<\/p>\n\n<\/div>\n<div  class=\"content-full-left-image-featuresrow\">\n<div  class=\"content-full-left-image-featurescol\" data-type=\"column\">\n<h5  class=\"\" data-ms-editor=\"true\">C\u2019EST FACILE<\/h5>\n<p  class=\"\" data-ms-editor=\"true\">Un simple appel 450 659-3704.<\/p>\n\n<h5  class=\"\" data-ms-editor=\"true\">CUEILLETTE DES PORTES<\/h5>\n<p  class=\"\" data-ms-editor=\"true\">Dur\u00e9e une demi-journ\u00e9e<\/p>\n\n<\/div>\n<div  class=\"content-full-left-image-featurescol\" data-type=\"column\">\n<h5  class=\"\" data-ms-editor=\"true\">ESTIMATION<\/h5>\n<p  class=\"\" data-ms-editor=\"true\">Une estimation gratuite<\/p>\n\n<h5  class=\"\" data-ms-editor=\"true\">TRAVAUX \u00c0 DOMICILE<\/h5>\n<p  class=\"\" data-ms-editor=\"true\">Dur\u00e9e une semaine<\/p>\n\n<\/div>\n<\/div>\n<\/div>\n<\/div>\n<\/div><div  id=\"reparation\" class=\"about-text-grid-section\" style=\"background-color: #ffffff;\" data-label=\"reparation\" data-id=\"about-text-grid-section\" data-category=\"about\">\n<div  class=\"gridContainer\">\n<div  class=\"about-text-grid-innerrow\">\n<div  class=\"about-text-grid-textcol dynamic-color\" data-type=\"column\">\n<h5  class=\"\" data-ms-editor=\"true\">R\u00c9PARATION<\/h5>\n<h3  class=\"\" data-ms-editor=\"true\">R\u00c9PARATION\n<span  class=\"span24\" style=\"font-family: Aclonica, arial, helvetica, sans-serif;\"><span  style=\"font-weight: 200;\">AVANT ET APR\u00c8S<\/span>&nbsp;<\/span><\/h3>\n<p  class=\"\" data-ms-editor=\"true\"><\/p>\n<a class=\"button color1\" href=\"https:\/\/latelierdumeublejr.com\/restauration\/realisations\" target=\"_self\" rel=\"noopener noreferrer\" data-icon=\"\">VOIR PLUS<\/a>\n\n<\/div>\n<div  class=\"about-text-grid-rightgridcol\">\n<div  class=\"about-text-grid-rightgridrow flexbox-list\">\n<div  class=\"about-text-grid-imgcol\" style=\"background-image: url('https:\/\/latelierdumeublejr.com\/restauration\/wp-content\/uploads\/2019\/09\/reparation-meuble-1.jpg');\" data-bg=\"image\"><\/div>\n<div  class=\"about-text-grid-rightgridtextcol\" data-type=\"column\">\n<h5  class=\"\" data-ms-editor=\"true\">R\u00c9PARATION<\/h5>\n<\/div>\n<div  class=\"about-text-grid-rightgridtextcol\" data-type=\"column\">\n<h5  class=\"\" data-ms-editor=\"true\">R\u00c9PARATION FINALE<\/h5>\n<\/div>\n<div  class=\"about-text-grid-imgcol2\" style=\"background-image: url('https:\/\/latelierdumeublejr.com\/restauration\/wp-content\/uploads\/2019\/09\/reparation-meuble1-1.jpg');\" data-bg=\"image\"><\/div>\n<\/div>\n<\/div>\n<\/div>\n<\/div>\n<\/div><div  id=\"soumission-gratuite\" class=\"cta-blue-section\" style=\"background-image: none; background-color: #dda44d;\" data-label=\"soumission gratuite\" data-id=\"cta-blue-section\" data-category=\"cta\" data-ovid=\"ovid-soumission-gratuite-375\">\n<div  class=\"gridContainer\">\n<div  class=\"flexbox-list flexbox-list-align-center row\">\n<div  class=\"cta-blue-textcol dynamic-color\">\n<h2  class=\"cta-blue-text\" data-ms-editor=\"true\"><b  class=\"element2\">SOUMISSION GRATUITE&nbsp;<\/b><\/h2>\n<\/div>\n<div  class=\"cta-blue-btncol\"><a class=\"button big color1 dark-text\" href=\"#\" target=\"_self\" rel=\"noopener noreferrer\" data-icon=\"\"> 450-659-3704 <\/a><\/div>\n<\/div>\n<\/div>\n<\/div><div  id=\"refacing\" class=\"about-images-right-section\" style=\"background-color: #f6f6f6;\" data-label=\"refacing\" data-id=\"about-images-right-section\" data-category=\"about\">\n<div  class=\"gridContainer dynamic-color\">\n<div  class=\"about-images-right-innerrow dynamic-color\">\n<div  class=\"about-images-right-textcol\" data-type=\"column\">\n<h5  class=\"\" data-ms-editor=\"true\">Refacing<\/h5>\n<h2  class=\"about-images-right-bigtitle\" data-ms-editor=\"true\">Sp\u00e9cialiste en finition de meubles et d\u2019armoires\n<span  class=\"span24\">Refacing&nbsp;<\/span>&nbsp;de votre cuisine<\/h2>\n<p  class=\"\" data-ms-editor=\"true\"><span  style=\"color: #778e5b; font-weight: 600;\"><span  style=\"font-style: italic;\">Raymond Paquette<\/span>,<\/span> sp\u00e9cialiste en finition de meubles et d\u2019armoires depuis <span  style=\"font-weight: 600; color: #778e5b;\">35 ans<\/span>, vous propose une solution facile de r\u00e9nover, cuisine et salle de bain, \u00e0 moindre co\u00fbt.<\/p>\n<span  class=\"\" style=\"font-weight: bold; color: #778e5b;\" data-ms-editor=\"true\">La transformation d\u2019une cuisine en images.<\/span>\n<p  class=\"\" data-ms-editor=\"true\"><\/p>\n<p  class=\"\" data-ms-editor=\"true\">La transformation \u00e0 notre atelier pour les portes et directement chez le client pour les caissons tout en laissant la pi\u00e8ce propre en quittant. Des protections de plastique sont install\u00e9s sur tous les acc\u00e8s pour \u00e9viter la poussi\u00e8re. Nous sommes soucieux du travail bien fait.<\/p>\n<a class=\"button color1\" href=\"https:\/\/latelierdumeublejr.com\/restauration\/preparation\" target=\"_self\" data-icon=\"\" rel=\"noopener noreferrer\">VOIR PLUS<\/a>\n\n<\/div>\n<div  class=\"about-images-right-imgcol\"><img  decoding=\"async\" class=\"about-images-right-topimg\" src=\"https:\/\/latelierdumeublejr.com\/restauration\/wp-content\/uploads\/2019\/09\/preparation2.jpg\" data-ms-editor=\"true\"><img  decoding=\"async\" class=\"about-images-right-rightimg\" src=\"https:\/\/latelierdumeublejr.com\/restauration\/wp-content\/uploads\/2019\/09\/preparation4.jpg\" data-ms-editor=\"true\"><img  decoding=\"async\" class=\"about-images-right-leftimg\" src=\"https:\/\/latelierdumeublejr.com\/restauration\/wp-content\/uploads\/2019\/09\/preparation1.jpg\" data-ms-editor=\"true\"><\/div>\n<\/div>\n<\/div>\n<\/div><div  id=\"rafraichissement-de-meuble\" class=\"content-left-image-section\" style=\"background-color: #ffffff; background-image: none;\" data-label=\"Rafraichissement de meuble\" data-id=\"content-image-left\" data-category=\"content\" data-ovid=\"ovid-rafraichissement-de-meuble-140\">\n<div  class=\"gridContainer\">\n<div  class=\"row\">\n<div  class=\"content-left-image-imgcol\" data-type=\"column\"><img  decoding=\"async\" class=\"\" src=\"https:\/\/latelierdumeublejr.com\/restauration\/wp-content\/uploads\/2019\/09\/meuble.png\" data-ms-editor=\"true\"><\/div>\n<div  class=\"content-left-image-textcol dynamic-color\" data-type=\"column\">\n<h2  class=\"\" data-ms-editor=\"true\">Rafra\u00eechissement de Meubles<\/h2>\n<p  class=\"large_text\" data-ms-editor=\"true\">Vous avez des meubles \u00e0 faire rafra\u00eechir\u2026 Vous \u00eates au bon endroit.<\/p>\nService de qualit\u00e9 et minutieux.\n\n\n\n<p  class=\"\" data-ms-editor=\"true\"><\/p><a class=\"button color1\" href=\"#contact-1\" target=\"_self\" data-icon=\"\" rel=\"noopener\">informez-vous<\/a><\/div>\n<\/div>\n<\/div>\n<\/div><div  id=\"portfolio-2\" style=\"background-color: #ffffff;\" data-label=\"Portfolio\" data-id=\"portfolio-full-section\" data-category=\"portfolio\">\n<div  class=\"portfolio-full-section\" data-type=\"row\">\n<div  class=\"portfolio-full-projectco cp4cols cp4cols-tablet\">\n<div  id=\"ContentSwap103\" class=\"contentswap-effect ContentSwap103\">\n<div  class=\"ContentSwap103_content initial-image\"><img  decoding=\"async\" class=\"portfolio-full-projectimg\" src=\"https:\/\/latelierdumeublejr.com\/restauration\/wp-content\/uploads\/2019\/09\/cropped-preparation-2.png\" data-size=\"1200x800\" data-ms-editor=\"true\"><\/div>\n<div  class=\"overlay\" style=\"display: block; opacity: 1;\"><\/div>\n<div  class=\"swap-inner\" style=\"opacity: 1; display: block;\">\n<div  class=\"ContentSwap103-center\">\n<h4  class=\"protfolio-full-itemtitle\" data-ms-editor=\"true\">Pr\u00e9paration<\/h4>\n<a class=\"button color3\" href=\"https:\/\/latelierdumeublejr.com\/restauration\/preparations\" target=\"_self\" rel=\"noopener noreferrer\" data-icon=\"\">Voir plus<\/a>\n\n<\/div>\n<\/div>\n<\/div>\n<\/div>\n<div  class=\"portfolio-full-projectco cp4cols cp4cols-tablet\">\n<div  id=\"ContentSwap103\" class=\"contentswap-effect ContentSwap103\">\n<div  class=\"ContentSwap103_content initial-image\"><img  decoding=\"async\" class=\"portfolio-full-projectimg\" src=\"https:\/\/latelierdumeublejr.com\/restauration\/wp-content\/uploads\/2019\/09\/cropped-cuisine-refacing-1.png\" data-size=\"1200x800\" data-ms-editor=\"true\"><\/div>\n<div  class=\"overlay\" style=\"display: block; opacity: 1;\"><\/div>\n<div  class=\"swap-inner\" style=\"opacity: 1; display: block;\">\n<div  class=\"ContentSwap103-center\">\n<h4  class=\"protfolio-full-itemtitle\" data-ms-editor=\"true\">Refacing<\/h4>\n<a class=\"button color3\" href=\"https:\/\/latelierdumeublejr.com\/restauration\/realisations\" target=\"_self\" rel=\"noopener noreferrer\" data-icon=\"\">R\u00c9ALISATIONS<\/a>\n\n<\/div>\n<\/div>\n<\/div>\n<\/div>\n<div  class=\"portfolio-full-projectco cp4cols cp4cols-tablet\">\n<div  id=\"ContentSwap103\" class=\"contentswap-effect ContentSwap103\">\n<div  class=\"ContentSwap103_content initial-image\"><img  decoding=\"async\" class=\"portfolio-full-projectimg\" src=\"https:\/\/latelierdumeublejr.com\/restauration\/wp-content\/uploads\/2019\/09\/cropped-chaise-retouche.png\" data-size=\"1200x800\" data-ms-editor=\"true\"><\/div>\n<div  class=\"overlay\" style=\"display: block; opacity: 1;\"><\/div>\n<div  class=\"swap-inner\" style=\"opacity: 1; display: block;\">\n<div  class=\"ContentSwap103-center\">\n<h4  class=\"protfolio-full-itemtitle\" data-ms-editor=\"true\">Retouche<\/h4>\n<a class=\"button color3\" href=\"https:\/\/latelierdumeublejr.com\/restauration\/realisations\" target=\"_self\" rel=\"noopener noreferrer\" data-icon=\"\">R\u00c9ALISATIONS<\/a>\n\n<\/div>\n<\/div>\n<\/div>\n<\/div>\n<\/div>\n<\/div><div  id=\"contact-1\" class=\"contact-3-section contact--section-1\" style=\"background-color: #ffffff;\" data-label=\"Contact\" data-id=\"contact--section-1\" data-category=\"contact\">\n<div  class=\"gridContainer dynamic-color\">\n<div  class=\"contact-3-section-textrow\">\n<div  class=\"contact-3-section-textcol\" data-type=\"column\">\n<h2  class=\"\" data-ms-editor=\"true\">Nous joindre<\/h2>\n<p  class=\"\" data-ms-editor=\"true\">N\u2019h\u00e9sitez pas \u00e0 nous envoyer une demande de soumission.\n\nNous vous r\u00e9pondrons dans les plus brefs d\u00e9lais.\n\n<span  style=\"font-weight: 600;\">Pour une r\u00e9ponse rapide t\u00e9l\u00e9phoner au 450-659-3704<\/span><\/p>\n\n\n<\/div>\n<\/div>\n<div  class=\"contact-2columns-contentrow\">\n<div  class=\"contact-3-section-formrow\">\n<div  class=\"contact-3-section-formcol\" data-content-shortcode=\"one_page_express_contact_form shortcode=&quot;contact-form-7 id=&amp;amp;quot;8&amp;amp;quot; title=&amp;amp;quot;Formulaire de contact 1&amp;amp;quot;&quot;\" data-editable=\"true\">\n<div class=\"wpcf7 no-js\" id=\"wpcf7-f8-o1\" lang=\"fr-FR\" dir=\"ltr\" data-wpcf7-id=\"8\">\n<div class=\"screen-reader-response\"><p role=\"status\" aria-live=\"polite\" aria-atomic=\"true\"><\/p> <ul><\/ul><\/div>\n<form action=\"\/restauration\/wp-json\/wp\/v2\/pages\/6#wpcf7-f8-o1\" method=\"post\" class=\"wpcf7-form init\" aria-label=\"Formulaire de contact\" novalidate=\"novalidate\" data-status=\"init\">\n<fieldset class=\"hidden-fields-container\"><input type=\"hidden\" name=\"_wpcf7\" value=\"8\" \/><input type=\"hidden\" name=\"_wpcf7_version\" value=\"6.1.4\" \/><input type=\"hidden\" name=\"_wpcf7_locale\" value=\"fr_FR\" \/><input type=\"hidden\" name=\"_wpcf7_unit_tag\" value=\"wpcf7-f8-o1\" \/><input type=\"hidden\" name=\"_wpcf7_container_post\" value=\"0\" \/><input type=\"hidden\" name=\"_wpcf7_posted_data_hash\" value=\"\" \/>\n<\/fieldset>\n<p><label> Votre nom (obligatoire)<br \/>\n<span class=\"wpcf7-form-control-wrap\" data-name=\"your-name\"><input size=\"40\" maxlength=\"400\" class=\"wpcf7-form-control wpcf7-text wpcf7-validates-as-required\" aria-required=\"true\" aria-invalid=\"false\" value=\"\" type=\"text\" name=\"your-name\" \/><\/span> <\/label>\n<\/p>\n<p><label> Votre adresse de messagerie (obligatoire)<br \/>\n<span class=\"wpcf7-form-control-wrap\" data-name=\"your-email\"><input size=\"40\" maxlength=\"400\" class=\"wpcf7-form-control wpcf7-email wpcf7-validates-as-required wpcf7-text wpcf7-validates-as-email\" aria-required=\"true\" aria-invalid=\"false\" value=\"\" type=\"email\" name=\"your-email\" \/><\/span> <\/label>\n<\/p>\n<p><label> Objet<br \/>\n<span class=\"wpcf7-form-control-wrap\" data-name=\"your-subject\"><input size=\"40\" maxlength=\"400\" class=\"wpcf7-form-control wpcf7-text\" aria-invalid=\"false\" value=\"\" type=\"text\" name=\"your-subject\" \/><\/span> <\/label>\n<\/p>\n<p><label> Votre message<br \/>\n<span class=\"wpcf7-form-control-wrap\" data-name=\"your-message\"><textarea cols=\"40\" rows=\"10\" maxlength=\"2000\" class=\"wpcf7-form-control wpcf7-textarea\" aria-invalid=\"false\" name=\"your-message\"><\/textarea><\/span> <\/label>\n<\/p>\n<p><input class=\"wpcf7-form-control wpcf7-submit has-spinner\" type=\"submit\" value=\"Envoyer\" \/>\n<\/p><div class=\"wpcf7-response-output\" aria-hidden=\"true\"><\/div>\n<\/form>\n<\/div>\n<\/div>\n<\/div>\n<div  class=\"contact-3-section-contactcol\" data-type=\"column\">\n<h5  class=\"\" data-ms-editor=\"true\">L\u2019Atelier du Meuble J.R.<\/h5>\n<div  class=\"contact-map-contactcol\">\n<div  class=\"contact-3-section-itemrow\">\n<div  class=\"contact-3-section-iconcol\"><\/div>\n<div  class=\"contact-3-section-info-text\">\n<p  class=\"contact-3-section-itemtextcol\" data-ms-editor=\"true\">25, chemin D\u00e9sourdy\n\nSt-Philippe de La Prairie\nQC. J0L 2K0<\/p>\n\n\n<\/div>\n<\/div>\n<div  class=\"contact-3-section-itemrow\">\n<div  class=\"contact-3-section-iconcol\"><\/div>\n<div  class=\"contact-3-section-info-text\">\n<p  class=\"contact-2columns-itemtextcol\" data-ms-editor=\"true\"><span  style=\"font-weight: 600;\">450-659-3704<\/span><\/p>\n\n\n<\/div>\n<\/div>\n<div  class=\"contact-3-section-itemrow\">\n<div  class=\"contact-3-section-iconcol\"><\/div>\n<div  class=\"contact-3-section-info-text\">\n<p  class=\"contact-3-section-itemtextcol\" data-ms-editor=\"true\">atelierdumeublejr@gmail.com<\/p>\n\n\n<\/div>\n<\/div>\n<div  class=\"contact-3-section-itemrow\">\n<div  class=\"contact-3-section-iconcol\" data-preview-empty=\"1\"><\/div>\n<div  class=\"contact-3-section-info-text\" data-preview-empty=\"1\"><\/div>\n<\/div>\n<\/div>\n<div  class=\"contact-3-section-map-container\" data-editable=\"true\" data-content-shortcode=\"one_page_express_maps shortcode=&quot;&amp;amp;lt;iframe src=&amp;amp;quot;https:\/\/www.google.com\/maps\/embed?pb=!1m18!1m12!1m3!1d2805.0581282918547!2d-73.4296471240327!3d45.327448642553094!2m3!1f0!2f0!3f0!3m2!1i1024!2i768!4f13.1!3m3!1m2!1s0x4cc90aef9fa55a87%3A0x21b0b86d0a14d732!2sAtelier%20Du%20Meuble%20Jr%20Enr!5e0!3m2!1sfr!2sca!4v1725990823790!5m2!1sfr!2sca&amp;amp;quot; width=&amp;amp;quot;600&amp;amp;quot; height=&amp;amp;quot;450&amp;amp;quot; style=&amp;amp;quot;border:0;&amp;amp;quot; allowfullscreen=&amp;amp;quot;&amp;amp;quot; loading=&amp;amp;quot;lazy&amp;amp;quot; referrerpolicy=&amp;amp;quot;no-referrer-when-downgrade&amp;amp;quot;&amp;amp;gt;&amp;amp;lt;\/iframe&amp;amp;gt;&quot; zoom=&quot;65&quot;\" style=\"position: relative; left: 0px; top: 0px;\">[<iframe src=\"https:\/\/www.google.com\/maps\/embed?pb=!1m18!1m12!1m3!1d2805.0581282918547!2d-73.4296471240327!3d45.327448642553094!2m3!1f0!2f0!3f0!3m2!1i1024!2i768!4f13.1!3m3!1m2!1s0x4cc90aef9fa55a87%3A0x21b0b86d0a14d732!2sAtelier%20Du%20Meuble%20Jr%20Enr!5e0!3m2!1sfr!2sca!4v1725990823790!5m2!1sfr!2sca\" width=\"600\" height=\"450\" style=\"border:0;\" allowfullscreen=\"\" loading=\"lazy\" referrerpolicy=\"no-referrer-when-downgrade\"><\/iframe>]<\/div>\n<\/div>\n<\/div>\n<\/div>\n<\/div>","protected":false},"excerpt":{"rendered":"<p>R\u00e9paration de meubles voir plus Refacing voir plus Retouche de meubles voir plus Rafra\u00eechissement de meubles voir plus Vous aimez votre cuisine? Solution facile, \u00e0 moindre co\u00fbt Vous poss\u00e9dez des armoires de qualit\u00e9? Mais avec les ann\u00e9es, elles sont devenues difficiles \u00e0 nettoyer, le vernis est collant, la teinte ne vous convient plus. Raymond Paquette,&hellip; <br \/> <a class=\"button small blue\" href=\"https:\/\/latelierdumeublejr.com\/restauration\/\">Lire la suite<\/a><\/p>\n","protected":false},"author":1,"featured_media":0,"parent":0,"menu_order":0,"comment_status":"closed","ping_status":"closed","template":"full-width-page.php","meta":{"footnotes":""},"_links":{"self":[{"href":"https:\/\/latelierdumeublejr.com\/restauration\/wp-json\/wp\/v2\/pages\/6"}],"collection":[{"href":"https:\/\/latelierdumeublejr.com\/restauration\/wp-json\/wp\/v2\/pages"}],"about":[{"href":"https:\/\/latelierdumeublejr.com\/restauration\/wp-json\/wp\/v2\/types\/page"}],"author":[{"embeddable":true,"href":"https:\/\/latelierdumeublejr.com\/restauration\/wp-json\/wp\/v2\/users\/1"}],"replies":[{"embeddable":true,"href":"https:\/\/latelierdumeublejr.com\/restauration\/wp-json\/wp\/v2\/comments?post=6"}],"version-history":[{"count":89,"href":"https:\/\/latelierdumeublejr.com\/restauration\/wp-json\/wp\/v2\/pages\/6\/revisions"}],"predecessor-version":[{"id":425,"href":"https:\/\/latelierdumeublejr.com\/restauration\/wp-json\/wp\/v2\/pages\/6\/revisions\/425"}],"wp:attachment":[{"href":"https:\/\/latelierdumeublejr.com\/restauration\/wp-json\/wp\/v2\/media?parent=6"}],"curies":[{"name":"wp","href":"https:\/\/api.w.org\/{rel}","templated":true}]}}